{"id":15,"date":"2016-12-20T19:26:04","date_gmt":"2016-12-20T17:26:04","guid":{"rendered":"http:\/\/dindum.net\/?page_id=15"},"modified":"2016-12-20T20:20:57","modified_gmt":"2016-12-20T18:20:57","slug":"willkommen-bei-dindum","status":"publish","type":"page","link":"http:\/\/dindum.net\/","title":{"rendered":"Willkommen"},"content":{"rendered":"<h1><img loading=\"lazy\" class=\"alignnone size-full wp-image-67\" src=\"http:\/\/dindum.net\/wp-content\/uploads\/2016\/12\/abschluss-2.jpg\" alt=\"\" width=\"751\" height=\"1000\" srcset=\"http:\/\/dindum.net\/wp-content\/uploads\/2016\/12\/abschluss-2.jpg 751w, http:\/\/dindum.net\/wp-content\/uploads\/2016\/12\/abschluss-2-225x300.jpg 225w\" sizes=\"(max-width: 706px) 89vw, (max-width: 767px) 82vw, 740px\" \/>Dindum: das ist der Herzschlag der Berberkultur.<\/h1>\n<p>\u2026.und der Herzschlag unseres gemeinsamen Tanzes. F\u00fcr uns ist es ein Instrument der V\u00f6lkerverst\u00e4ndigung. Bewusst haben wir die gro\u00dfe Trommel der Ahwach-Musik als Symbol gew\u00e4hlt.<\/p>\n<h1><img loading=\"lazy\" class=\"alignnone size-full wp-image-24\" src=\"http:\/\/dindum.net\/wp-content\/uploads\/2016\/12\/musik-3.jpg\" alt=\"\" width=\"1000\" height=\"691\" srcset=\"http:\/\/dindum.net\/wp-content\/uploads\/2016\/12\/musik-3.jpg 1000w, http:\/\/dindum.net\/wp-content\/uploads\/2016\/12\/musik-3-300x207.jpg 300w, http:\/\/dindum.net\/wp-content\/uploads\/2016\/12\/musik-3-768x531.jpg 768w\" sizes=\"(max-width: 767px) 89vw, (max-width: 1000px) 54vw, (max-width: 1071px) 543px, 580px\" \/>Kulturkommunikation ist Kommunikation der Kulturen und Kultur der Kommunikation.<\/h1>\n<p>Sie kommt zum Ausdruck in gemeinsamen Feiern, in der gemeinsamen Musik, die wir aus unseren Kulturkreisen beisteuern, ebenso wie in der gemeinsamen Arbeit und Besch\u00e4ftigung mit dem wohl urspr\u00fcnglichsten Baumaterial: der Erde.<\/p>\n<p><img loading=\"lazy\" class=\"alignnone size-full wp-image-65\" src=\"http:\/\/dindum.net\/wp-content\/uploads\/2016\/12\/baukunst-2.jpg\" alt=\"\" width=\"666\" height=\"1000\" srcset=\"http:\/\/dindum.net\/wp-content\/uploads\/2016\/12\/baukunst-2.jpg 666w, http:\/\/dindum.net\/wp-content\/uploads\/2016\/12\/baukunst-2-200x300.jpg 200w\" sizes=\"(max-width: 666px) 100vw, 666px\" \/><\/p>\n","protected":false},"excerpt":{"rendered":"<p>Dindum: das ist der Herzschlag der Berberkultur. \u2026.und der Herzschlag unseres gemeinsamen Tanzes. F\u00fcr uns ist es ein Instrument der V\u00f6lkerverst\u00e4ndigung. Bewusst haben wir die gro\u00dfe Trommel der Ahwach-Musik als Symbol gew\u00e4hlt. Kulturkommunikation ist Kommunikation der Kulturen und Kultur der Kommunikation. Sie kommt zum Ausdruck in gemeinsamen Feiern, in der gemeinsamen Musik, die wir aus &hellip; <\/p>\n<p class=\"link-more\"><a href=\"http:\/\/dindum.net\/\" class=\"more-link\"><span class=\"screen-reader-text\">\u201eWillkommen\u201c<\/span> weiterlesen<\/a><\/p>\n","protected":false},"author":2,"featured_media":0,"parent":0,"menu_order":0,"comment_status":"closed","ping_status":"closed","template":"","meta":[],"_links":{"self":[{"href":"http:\/\/dindum.net\/index.php?rest_route=\/wp\/v2\/pages\/15"}],"collection":[{"href":"http:\/\/dindum.net\/index.php?rest_route=\/wp\/v2\/pages"}],"about":[{"href":"http:\/\/dindum.net\/index.php?rest_route=\/wp\/v2\/types\/page"}],"author":[{"embeddable":true,"href":"http:\/\/dindum.net\/index.php?rest_route=\/wp\/v2\/users\/2"}],"replies":[{"embeddable":true,"href":"http:\/\/dindum.net\/index.php?rest_route=%2Fwp%2Fv2%2Fcomments&post=15"}],"version-history":[{"count":9,"href":"http:\/\/dindum.net\/index.php?rest_route=\/wp\/v2\/pages\/15\/revisions"}],"predecessor-version":[{"id":69,"href":"http:\/\/dindum.net\/index.php?rest_route=\/wp\/v2\/pages\/15\/revisions\/69"}],"wp:attachment":[{"href":"http:\/\/dindum.net\/index.php?rest_route=%2Fwp%2Fv2%2Fmedia&parent=15"}],"curies":[{"name":"wp","href":"https:\/\/api.w.org\/{rel}","templated":true}]}}