{"id":61,"date":"2016-12-20T20:07:41","date_gmt":"2016-12-20T18:07:41","guid":{"rendered":"http:\/\/dindum.net\/?page_id=61"},"modified":"2016-12-20T20:07:41","modified_gmt":"2016-12-20T18:07:41","slug":"philosophie","status":"publish","type":"page","link":"http:\/\/dindum.net\/?page_id=61","title":{"rendered":"Philosophie"},"content":{"rendered":"<p><img loading=\"lazy\" class=\"alignnone size-full wp-image-20\" src=\"http:\/\/dindum.net\/wp-content\/uploads\/2016\/12\/impression.jpg\" alt=\"\" width=\"1076\" height=\"526\" srcset=\"http:\/\/dindum.net\/wp-content\/uploads\/2016\/12\/impression.jpg 1076w, http:\/\/dindum.net\/wp-content\/uploads\/2016\/12\/impression-300x147.jpg 300w, http:\/\/dindum.net\/wp-content\/uploads\/2016\/12\/impression-768x375.jpg 768w, http:\/\/dindum.net\/wp-content\/uploads\/2016\/12\/impression-1024x501.jpg 1024w\" sizes=\"(max-width: 767px) 89vw, (max-width: 1000px) 54vw, (max-width: 1071px) 543px, 580px\" \/><\/p>\n<p>din \u2013 dum &#8230;<br \/>\nwie der Ur\u2013Takt \u2013 Herz\u2013Schlag<br \/>\nentlang den borderlines<br \/>\nzwischen caelum und saeculum*\u2026<br \/>\nzwischen dem,<br \/>\nwas sich nicht<br \/>\nzusammen<br \/>\ngeh\u00f6rt,<br \/>\nflie\u00dft der Fluss,<br \/>\nder aus der Mitte<br \/>\nentspringt.<\/p>\n<p><img loading=\"lazy\" class=\"alignnone size-full wp-image-36\" src=\"http:\/\/dindum.net\/wp-content\/uploads\/2016\/12\/tanz-4.jpg\" alt=\"\" width=\"1000\" height=\"658\" srcset=\"http:\/\/dindum.net\/wp-content\/uploads\/2016\/12\/tanz-4.jpg 1000w, http:\/\/dindum.net\/wp-content\/uploads\/2016\/12\/tanz-4-300x197.jpg 300w, http:\/\/dindum.net\/wp-content\/uploads\/2016\/12\/tanz-4-768x505.jpg 768w\" sizes=\"(max-width: 767px) 89vw, (max-width: 1000px) 54vw, (max-width: 1071px) 543px, 580px\" \/><\/p>\n<p>\u201cIch will Wasser in die H\u00f6lle gie\u00dfen und Feuer ans Paradies legen, damit diese beiden Schleier verschwinden. Und niemand mehr Gott aus Furcht vor der H\u00f6lle oder in Hoffnung aufs Paradies anbete. Sondern nur noch um seiner ewigen Sch\u00f6nheit willen.\u201c<\/p>\n<p>(Rab&#8217;ia, eine Sufi-Weise aus dem 8.Jh.v.u.Z.)<\/p>\n","protected":false},"excerpt":{"rendered":"<p>din \u2013 dum &#8230; wie der Ur\u2013Takt \u2013 Herz\u2013Schlag entlang den borderlines zwischen caelum und saeculum*\u2026 zwischen dem, was sich nicht zusammen geh\u00f6rt, flie\u00dft der Fluss, der aus der Mitte entspringt. \u201cIch will Wasser in die H\u00f6lle gie\u00dfen und Feuer ans Paradies legen, damit diese beiden Schleier verschwinden. Und niemand mehr Gott aus Furcht vor &hellip; <\/p>\n<p class=\"link-more\"><a href=\"http:\/\/dindum.net\/?page_id=61\" class=\"more-link\"><span class=\"screen-reader-text\">\u201ePhilosophie\u201c<\/span> weiterlesen<\/a><\/p>\n","protected":false},"author":2,"featured_media":0,"parent":0,"menu_order":0,"comment_status":"closed","ping_status":"closed","template":"","meta":[],"_links":{"self":[{"href":"http:\/\/dindum.net\/index.php?rest_route=\/wp\/v2\/pages\/61"}],"collection":[{"href":"http:\/\/dindum.net\/index.php?rest_route=\/wp\/v2\/pages"}],"about":[{"href":"http:\/\/dindum.net\/index.php?rest_route=\/wp\/v2\/types\/page"}],"author":[{"embeddable":true,"href":"http:\/\/dindum.net\/index.php?rest_route=\/wp\/v2\/users\/2"}],"replies":[{"embeddable":true,"href":"http:\/\/dindum.net\/index.php?rest_route=%2Fwp%2Fv2%2Fcomments&post=61"}],"version-history":[{"count":1,"href":"http:\/\/dindum.net\/index.php?rest_route=\/wp\/v2\/pages\/61\/revisions"}],"predecessor-version":[{"id":62,"href":"http:\/\/dindum.net\/index.php?rest_route=\/wp\/v2\/pages\/61\/revisions\/62"}],"wp:attachment":[{"href":"http:\/\/dindum.net\/index.php?rest_route=%2Fwp%2Fv2%2Fmedia&parent=61"}],"curies":[{"name":"wp","href":"https:\/\/api.w.org\/{rel}","templated":true}]}}